t q be 7 - (3 - 3)/(-3). Let v = 8 + 3. Suppose 3*u - v = 5*c, -3*u + 18 = u - 5*c. What is the greatest common factor of u and q?
7
Let n(t) = 41*t**2 - 225*t - 684. Let d be n(-3). Let h be 56/9 - (-8)/(-36). Suppose -r + h = -39. Calculate the greatest common divisor of r and d.
45
Let y = -4818 + 5147. Let f(a) = 47*a**2 - a + 1. Let n be f(1). Calculate the highest common factor of y and n.
47
Let s = -912 - -916. Suppose 3*k + 48 = -2*l + 237, 5*k + 389 = s*l. Suppose -6*g = -g - 120. What is the greatest common factor of g and l?
24
Let u = 15 - 9. Let q be u/(-4)*8*-2. Let s = 1699 + -1651. Calculate the highest common factor of s and q.
24
Let d = 45 + -28. Suppose 0 = -5*a + 43 + d. Let w = a - -12. Calculate the highest common factor of 24 and w.
24
Suppose -i = -3*i + 22. Suppose 0 = -4*a - 6*u + 3*u + 33, a - 14 = 5*u. Suppose -a*y + 24*y = 330. What is the greatest common divisor of i and y?
11
Suppose -5942 = 2*a + 4*v - 41804, a + 3*v = 17937. Calculate the greatest common factor of 99 and a.
99
Suppose -u = 4*l - 14, -5*u + 4*u + 3*l + 14 = 0. Let q be (112 - -1) + 10/(-10). What is the greatest common divisor of u and q?
14
Suppose -115*y - 252657 + 2753102 = 0. Calculate the greatest common factor of 17 and y.
17
Suppose -16*t - 10 = -21*t. Suppose 4*m - t*r - 100 - 18 = 0, 2*m - 49 = 3*r. Calculate the highest common factor of m and 336.
16
Let w be (1*2)/(-10) + 7820/850. Let k be (-33)/11*-1 + w + -1. Calculate the highest common divisor of k and 9.
1
Suppose -q - 5*u = 13, -23 = 5*u - 3. Let n be (-18)/15*(-3 - q). Suppose -3*d + 36 = -d. What is the highest common divisor of d and n?
6
Let c(l) = 2*l**2 - 31*l - 46. Let t be c(17). Calculate the highest common factor of 54 and t.
1
Let d(a) = -7*a - 4. Let p be d(-10). Suppose -p*v = -63*v - 216. Let t = 1 - -8. Calculate the greatest common divisor of t and v.
9
Suppose -3*r - 15 - 9 = 0. Let w be -6 - 39*(6 + r). Calculate the greatest common divisor of 8 and w.
8
Let a(m) = 2*m**2 + 5*m + 38. Let i be a(-10). Let b = i + -139. What is the greatest common divisor of b and 14?
7
Let b be 273/17 + (-296)/5032. Let l(q) = 5*q**2 + 3. Let m = 15 + -10. Let w be l(m). Calculate the highest common factor of b and w.
16
Let g = 4746 - 4727. Let p be ((-6)/(-8))/((-1)/(-76)). What is the greatest common factor of g and p?
19
Let o be -675 + 0 + 4/(-1) + 2. Let q = o + 707. Calculate the greatest common divisor of 75 and q.
15
Let g(f) = f**3 + 3*f**2 - 1. Let b be g(-2). Suppose -b*c + 8 = c, 4*k = 4*c + 100. Suppose p = k + 8. Calculate the highest common factor of 14 and p.
7
Suppose 0 = -2*g + 26 - 86. Let a be 1/((g/168)/(-5)). What is the greatest common factor of 8 and a?
4
Let l(j) = -3*j - 34. Let n be l(-12). Let t be ((-1)/5)/(n/(-1490)). Let y = -47 + t. What is the highest common divisor of 68 and y?
34
Suppose 277 - 93 = 8*b. Suppose b*c - 54*c + 31000 = 0. What is the highest common divisor of c and 50?
50
Let d be 9/(4/(-4))*(-759)/9. Calculate the greatest common factor of 99 and d.
33
Let r(c) = -c**3 + 5*c**2 + 522*c - 2090. Let h be r(4). Let i(v) = 2*v - 1. Let k be i(2). What is the greatest common factor of k and h?
1
Suppose 65 = 2*l - 175. Let p = 483 - 403. What is the greatest common factor of p and l?
40
Suppose x - 15 = 3. Let t(l) = -3*l + 66. Let u be 22/(-22)*(-20 + 0). Let w be t(u). What is the greatest common divisor of w and x?
6
Let k be (-8)/(-4*(-3)/18). Let a = 12 - k. Let y = -1157 + 1169. Calculate the greatest common factor of y and a.
12
Let p(h) = -2*h - 276. Let m be p(-16). Let c = -224 - m. What is the greatest common divisor of 36 and c?
4
Let s = 497 - 310. Let t = -5675 + 5730. Calculate the highest common factor of t and s.
11
Let f = 5 - -15. Let b = 443 - 439. What is the highest common factor of b and f?
4
Suppose 0 = 2*a - 514*j + 511*j - 401, 3*a + 2*j - 569 = 0. What is the greatest common divisor of 3667 and a?
193
Suppose 0 = -0*o - 8*o + 8. Let b be (-1)/7 + o/7. Let m be b + ((-20)/6)/(9/(-54)). Calculate the greatest common divisor of 20 and m.
20
Let q = -614 + 634. Suppose 5*z - 3 = 122. Suppose -23*g = -z*g + q. Calculate the greatest common factor of 180 and g.
10
Let f be 18/12 - (2 - 3678/(-12)). Let h = -244 - f. Calculate the highest common divisor of h and 63.
63
Let m be 2 + 1 + 3 + (-1)/1. Suppose 0*r - 2*z + 10 = 2*r, -3*r - m*z + 25 = 0. Suppose 3*k - 24 - 15 = r. What is the greatest common factor of k and 117?
13
Suppose 0 = p + 2*u - 126, 5*u = 2*p + 7*u - 260. What is the highest common factor of p and 12261?
67
Suppose 304 = -29*y + 25*y. Let k = y - -34. Let m be 2/12 + (-2597)/k. Calculate the greatest common divisor of m and 62.
62
Suppose -2*s + 204 = 2*s. Suppose -52*u + 3663 + 757 = 0. Calculate the greatest common factor of s and u.
17
Let r = 4716 + -4628. Calculate the greatest common factor of r and 5940.
44
Let s(n) = -182*n + 1629. Let m be s(9). Let j(z) = -13*z + 29 - 17*z - 9*z. Let w be j(m). Calculate the highest common divisor of w and 38.
38
Let a(h) = -115*h**3 + h**2 + h + 1. Let p be (2 - 1)*(-10 - -9). Let w be a(p). Calculate the highest common factor of w and 174.
58
Let t = 208 - 205. Suppose t*y - g - 856 - 407 = 0, 5*y - 2*g = 2106. Calculate the highest common factor of 28 and y.
28
Let p(a) = a**3 + a**2 - a + 20. Let g be p(0). Let k = 3128 - 3033. Calculate the highest common divisor of g and k.
5
Suppose -3*a - 117 = -6*a. Suppose 95*b + 3013 = 14128. What is the greatest common factor of b and a?
39
Suppose -17 = o - u - 9, -5*o - 24 = -u. Let n be 6*((-110)/o)/11. Calculate the greatest common factor of 21 and n.
3
Suppose 33 = 2*s + 4*o - 9, 2*s - o = 37. Calculate the highest common factor of s and 1805.
19
Let c(x) = x**3 - 57*x**2 - 174*x - 348. Let z be c(60). What is the greatest common factor of z and 92?
4
Let c(o) be the third derivative of o**5/60 + o**4/8 - 9*o**3 - 2*o**2 + 35. Let s be c(8). What is the greatest common factor of s and 51?
17
Suppose 0 = 3*w + 10*w - 6604. Calculate the highest common divisor of 381 and w.
127
Let l(w) = -9*w + 11. Let y(o) = 44*o - 55. Let v(k) = -11*l(k) - 2*y(k). Let p be v(19). Let m = p + -130. What is the highest common factor of 170 and m?
34
Suppose -17*j - 4*j + 525 = 0. Suppose 0*a = -4*a - 6408. Let s be (-3)/12 + a/(-8). Calculate the greatest common factor of j and s.
25
Suppose 2*n - 477 = -3*i, 23*i = 22*i - 5. What is the highest common divisor of n and 205?
41
Let d be 85/34*(1/(-3) - (-11130)/18). Calculate the greatest common divisor of 15 and d.
15
Let z be (33/(-4))/(63/420). Let v = 27 + 43. Let k = z + v. Calculate the highest common factor of k and 120.
15
Let x be 1/((-50)/(-2204)) + (-1143)/225 + 5. What is the greatest common divisor of x and 374?
22
Let r(b) = -8 + 319*b**2 - 673*b**2 + 339*b**2 - b**3 + 6*b - b + 118. Let j be r(-15). What is the greatest common factor of 133 and j?
7
Let z = -192 - -572. Calculate the highest common factor of z and 100.
20
Let q be 2 - ((-178)/26 - (-90)/(-585)). What is the highest common divisor of 141 and q?
3
Let x be 26 - (20/8 + (-15)/(-10)). Suppose -x*y - 91 = -1411. Calculate the highest common factor of 160 and y.
20
Suppose 0 = 53*d - 9973 - 31579. Calculate the highest common divisor of d and 32.
16
Let t(p) = -487*p - 737. Let z be t(-8). Calculate the greatest common divisor of 26 and z.
13
Suppose -117*m + 113*m - 5*o + 550 = 0, 6*o = 3*m - 354. What is the highest common divisor of 65 and m?
65
Let t be 20/((19 + -16)*2/18). What is the highest common factor of t and 1095?
15
Let m(g) = 16 - 1 + g**2 - 8*g + 8. Let i be (3/(114/4) + (-637)/(-266))*2. Let o be m(i). What is the greatest common factor of o and 12?
4
Let t(g) = 10*g + 17. Let m be t(1). Calculate the greatest common factor of 201 and m.
3
Let x be 23/46 + ((-6)/10)/((-4)/70). What is the highest common factor of x and 33?
11
Suppose -219 = -13*y + 106. Suppose 5*n - 1 = 9. Let b be (100/2)/(1/n). Calculate the highest common divisor of b and y.
25
Let u(c) = c**2 - 2*c - 5. Let y = 39 - -27. Suppose -y + 18 = -12*h. Let q be u(h). Calculate the highest common divisor of q and 8.
1
Let s be 22724/676 - (-96)/(-156). Let c(n) = -n**3 + n + 187. Let q be c(0). What is the h